are the prime factors of w?
7, 11
Let z(u) = 80*u**2 + 8*u - 121. What are the prime factors of z(-12)?
89, 127
Let q = 34730 + -13596. List the prime factors of q.
2, 10567
Let t(d) = -10*d - 49. Suppose -k + 66 = -3*p + 2*k, 0 = 2*p - 4*k + 52. List the prime factors of t(p).
131
Let x(z) = -64*z - 181. Let k(a) = -193*a - 545. Let p(s) = -2*k(s) + 7*x(s). What are the prime factors of p(-17)?
877
Suppose 5*t + 26 = -2*p, 3*t = 4*t + 4. Let f be (-36)/12*(1 + -19). Let d = f + p. List the prime factors of d.
3, 17
Let m be (60/(-21))/(1/(-7)). Suppose m = -35*q + 40*q. Suppose -4*s = -3*b + 228, -q*b + 2*s = -2*b - 152. List the prime factors of b.
2, 19
Let k = -1839 - -1252. Let b = k - -1130. List the prime factors of b.
3, 181
Let i(v) = -9*v + 19. Suppose 15 - 25 = 2*h. Let d(f) = f**3 + 3*f**2 - 11*f - 12. Let q be d(h). What are the prime factors of i(q)?
2, 41
Suppose 13*s + s - 13524 = 0. Suppose 3914 + s = 10*q. List the prime factors of q.
2, 61
Let s = -207 - -209. Suppose -s*t = -l + 35, 2*t + 27 - 29 = 0. What are the prime factors of l?
37
Suppose -11764 = -19*y - 117. Let s = y + -292. What are the prime factors of s?
3, 107
Let u = 15075 - 4018. What are the prime factors of u?
11057
Let h(q) = q**2 + 12. Suppose 0 = 4*w - 8 - 36. Let l be h(w). Let u = -94 + l. What are the prime factors of u?
3, 13
Let x = -52 + 53. What are the prime factors of (-54855)/(-253) + 2/11*x?
7, 31
Let z be 0 - 3 - (-4 - -1). Suppose 7*j + 3*i = 4*j + 30, z = 5*j - i - 74. List the prime factors of 1323/j - 3/(-6).
5, 19
Let z = 16340 - 13339. List the prime factors of z.
3001
Let r(z) = 56*z**2 - 53*z - 175. List the prime factors of r(-31).
2, 3, 17, 271
Suppose -5*m + r - 14 = 3*r, -4*m + r - 6 = 0. Let l(u) = -u**2 - 10*u + 35. Let a be l(-15). What are the prime factors of 4/(-8)*(a - m)?
19
Suppose 0 = 18*d + j - 1311864 + 232485, 0 = -2*d + 2*j + 119950. List the prime factors of d.
2, 29983
Suppose 0 = -17*g + 40*g + 8510. Let m = g + 1822. List the prime factors of m.
2, 3, 11
Let x(q) = 7*q - 68. Let b be x(15). List the prime factors of ((b/(-1))/1)/((-4)/20).
5, 37
Let x(a) = -623*a**3 - 10*a**2 - 66*a + 36. List the prime factors of x(-4).
2, 7, 1429
Let l = 7 - 4. Suppose 0 = 15*k + 15 - 45. List the prime factors of 137/(k/(5 - l)).
137
Suppose 0 = 2*j + 5*s - 9429, -4683 = -j + 126*s - 124*s. List the prime factors of j.
7, 11, 61
Let y(d) be the first derivative of 2*d**3 + 5*d**2/2 - 58*d - 29. List the prime factors of y(9).
11, 43
Let s(m) = -m**3 - 23*m**2 - 41*m + 9. Let l be s(-21). What are the prime factors of (-6762)/(-24) - (-9)/l?
281
Let b(d) = -2*d**3 + 95*d**2 + 47*d - 9. List the prime factors of b(28).
31883
Suppose -5*i - 8720 = -3*m, -384 = -2*m + i + 5434. What are the prime factors of m?
2, 3, 5, 97
Let b(o) = -o**3 + 39*o**2 - 34*o - 97. Suppose -14*d = d - 570. List the prime factors of b(d).
5, 11
Let y(b) = 4*b + 14. Let m be y(-4). List the prime factors of 355 - m/1 - (-1 + 4).
2, 3, 59
Suppose 23*a = -177*a + 941600. List the prime factors of a.
2, 11, 107
Suppose -3*i - 266 + 41 = -4*o, 4*i = 20. Suppose -o*p = -77*p + 10234. List the prime factors of p.
2, 7, 43
Suppose -6678 = -64*t + 58*t. Suppose -t = -15*d + 2472. What are the prime factors of d?
239
Suppose -4*m + 35 - 31 = 0, 4*t = 3*m + 9029. List the prime factors of t.
2, 1129
List the prime factors of 6/30 - ((-2239190)/50 + -5).
44789
Suppose 88665 + 52416 = 111*q. What are the prime factors of q?
31, 41
List the prime factors of 13560222/1161 - 4/(-18).
2, 5, 73
Suppose -5*b = -3*a + 21, -4*a + 9*a + b = 7. Let v(m) = 123*m**2 + 1. List the prime factors of v(a).
17, 29
Suppose 19*g + 3446 - 144027 = 0. List the prime factors of g.
7, 151
Let w be 3 - (11 + (1 - 24/4)). Let c(x) = 124*x**2 - 12*x - 21. List the prime factors of c(w).
3, 13, 29
Suppose 0 = -22*s - 268*s - 76*s + 6842004. What are the prime factors of s?
2, 13, 719
Let c(s) = -3*s + 3. Let v be c(-5). Let w = 516 - 528. Let o = v - w. List the prime factors of o.
2, 3, 5
Let l = 237 + 51. Let z = 399 - l. What are the prime factors of z?
3, 37
List the prime factors of ((-611)/(-78))/(12/10728).
47, 149
Suppose -31*t - d = -27*t - 28925, 0 = 2*t + 5*d - 14449. What are the prime factors of t?
2, 113
Suppose -4*x + 9*x = 3*u + 38, -2*x - u + 13 = 0. Suppose 0 = x*z - 3*z - 16. Suppose -336 = -z*w - 4*w. List the prime factors of w.
2, 3, 7
Suppose 44 = 9*h + 17. Let f(z) = 58*z**2 + 7*z - 7. List the prime factors of f(h).
2, 67
Suppose 860 = 29*w - 474. Suppose -w*q + 50*q - 288 = 0. List the prime factors of q.
2, 3
List the prime factors of 152208/105*3/6*10 - 4.
2, 1811
Suppose 17*b - 13410 = 8*b. Suppose 0*o = 10*o - b. Suppose i = -a + 146, -5*i = 3*a - o - 283. List the prime factors of a.
149
Let k(j) = j**2 - 11*j + 29. Let p be k(6). Let n be (-186)/(-2)*(-1 - p/3). List the prime factors of (10 - (1 - 1))*(-1581)/n.
3, 5, 17
Let v be 12*((-16)/(-6) - 2). Suppose 0 = 4*o + 4*r + 156, -9*o + v*o - 3*r = 37. What are the prime factors of (o/(-5))/((-1)/(-18))?
2, 3
Let s(i) = -16*i + 16. Let r be s(1). Suppose -27*l + 36*l - 1449 = r. List the prime factors of l.
7, 23
Let n = -51367 + 78236. List the prime factors of n.
97, 277
Suppose 0 = -54*r + 64*r - 244990. What are the prime factors of r?
24499
Suppose 1752872 = 1206*g - 1184*g. List the prime factors of g.
2, 19919
Let c = 19514 + -5430. What are the prime factors of c?
2, 7, 503
Let i = 560 + 3376. What are the prime factors of i?
2, 3, 41
Suppose 4131 = 20*a + 151. Suppose -a*s = -193*s - 3228. List the prime factors of s.
2, 269
Suppose -2 = -i + 2*i. What are the prime factors of (3 + i)/(1 + 4640/(-4648))?
7, 83
Let d be ((-9)/6)/((-8)/(1161 + 7)). What are the prime factors of d*(-16)/6*2/(-8)?
2, 73
Suppose -4*i + 685 = -5*w, w + 830 = -119*i + 124*i. Suppose -i = -14*p + 87. What are the prime factors of p?
2, 3
Suppose 0 = 68*o + 43*o - 932067. List the prime factors of o.
3, 311
Let x(v) = -126*v + 84. Let d be x(-26). Suppose d = 4*w + 4*w. List the prime factors of w.
2, 3, 5, 7
Suppose 224262 = -207*m + 225*m. List the prime factors of m.
3, 4153
Suppose -14*u + 16*u = -488. Let j be 14*(u/(-8) + 3). Suppose -13*p = -6*p - j. List the prime factors of p.
67
Let y = 1900 - 425. List the prime factors of y.
5, 59
Suppose -n = -3*p - 578, -2*p = n - 0*n - 578. Suppose n = 8*o - 2006. List the prime factors of o.
17, 19
Let n(h) be the third derivative of -h**6/40 - h**5/30 + h**4/8 + h**3/3 + 9*h**2 + 1. List the prime factors of n(-2).
2, 3
Suppose z - 2*l - 1576 = 0, -1142*z + 1141*z = 2*l - 1560. What are the prime factors of z?
2, 7
Let c = 110 - 110. Suppose -5*i + 19 + c = h, 0 = 5*h + i - 23. What are the prime factors of (-18 - -14)*(-5)/h?
5
Let v(t) = -1737*t - 32. Let f be v(5). List the prime factors of (4/6)/(f/(-1245) + -7).
5, 83
Let i(l) = -9*l**3 + 10*l**2 + 65*l + 2. What are the prime factors of i(-8)?
2, 5, 11, 43
Let s = 22219 + 23749. List the prime factors of s.
2, 13, 17
Let m(k) be the first derivative of k**4/4 + 10*k**3/3 - 2*k**2 - 5*k - 22. List the prime factors of m(-3).
2, 5, 7
Suppose 600 - 68 = 2*g. Suppose -2*m = 5*m - g. Suppose -3*n + n - 4*y = -m, -41 = -3*n - 2*y. List the prime factors of n.
11
List the prime factors of 8 - 0 - (-55276 + 1/(2/(-4))).
2, 7, 11, 359
Suppose 0 = -k - 5*k + 48. List the prime factors of (471/(-9) - -1)*(-12)/k.
7, 11
List the prime factors of (-3 + 259)*(8 + (-18 - -9) + 2).
2
Let i = -187 - -194. Suppose i*r - 1800 = 1973. What are the prime factors of r?
7, 11
Let w(r) = 22*r - 65. Let t be w(-14). Let y = t - -1530. List the prime factors of y.
13, 89
Let h = 3046 - 2678. List the prime factors of h.
2, 23
Let m be (-1 - 0)/((-425)/210 - -2). Let y = 224 - m. What are the prime factors of y?
2, 7, 13
Suppose 3*o = -3*s + 8*o + 38, 2*s - 4*o = 28. List the prime factors of 236/3*(s + 18/(-4)).
2, 59
Let f = -1967 - -2814. What are the prime factors of f?
7, 11
Suppose 76*q = 13*u + 79*q - 193025, q + 74249 = 5*u. What are the prime factors of u?
31, 479
Let m be (15/(-55))/(9/(-99)). Suppose m*s + 4*g = 4552, 2*s + 10*g - 14*g - 3068 = 0. List the prime factors of s.
2, 3, 127
What are the prime factors of (9/45)/((-4)/(-5